(base 12) to base 9
113
Convert 11 (base 13) to base 2.
1110
Convert -4 (base 16) to base 14.
-4
Convert -6 (base 11) to base 5.
-11
-42 (base 12) to base 2
-110010
Convert 4 (base 12) to base 16.
4
What is 2c (base 16) in base 4?
230
Convert -58 (base 13) to base 5.
-243
Convert -42 (base 7) to base 10.
-30
Convert 77 (base 12) to base 15.
61
-321 (base 8) to base 6
-545
Convert -1231 (base 4) to base 16.
-6d
Convert -13 (base 15) to base 11.
-17
1231 (base 5) to base 4
2333
3 (base 8) to base 7
3
37 (base 11) to base 16
28
17 (base 9) to base 14
12
90 (base 10) to base 12
76
10000 (base 2) to base 14
12
What is -9a (base 11) in base 2?
-1101101
Convert 1111101 (base 2) to base 9.
148
What is -1101 (base 3) in base 15?
-27
Convert -233 (base 4) to base 15.
-32
What is -34 (base 13) in base 8?
-53
-11 (base 14) to base 16
-f
Convert 10 (base 2) to base 8.
2
6 (base 7) to base 5
11
Convert -7 (base 14) to base 3.
-21
Convert -2 (base 8) to base 7.
-2
What is -21 (base 15) in base 3?
-1011
-13 (base 6) to base 4
-21
23 (base 5) to base 10
13
What is 40 (base 12) in base 2?
110000
Convert -13 (base 4) to base 9.
-7
Convert -40 (base 8) to base 5.
-112
What is -6c (base 15) in base 8?
-146
Convert -22 (base 9) to base 6.
-32
What is 105 (base 6) in base 8?
51
What is 33 (base 4) in base 8?
17
What is 13 (base 4) in base 8?
7
-1d (base 14) to base 5
-102
Convert -52 (base 6) to base 4.
-200
2 (base 10) to base 7
2
c (base 14) to base 9
13
0 (base 6) to base 2
0
What is 6 (base 9) in base 10?
6
Convert 1 (base 13) to base 3.
1
Convert -2 (base 8) to base 12.
-2
What is 15 (base 16) in base 15?
16
What is 44 (base 6) in base 2?
11100
What is -2001 (base 3) in base 8?
-67
33 (base 7) to base 4
120
-43 (base 14) to base 4
-323
Convert -103 (base 6) to base 14.
-2b
Convert 10211 (base 4) to base 3.
101212
Convert -4 (base 6) to base 10.
-4
1 (base 6) to base 7
1
-32 (base 4) to base 10
-14
What is 101 (base 2) in base 4?
11
-106 (base 8) to base 7
-130
What is 2 (base 9) in base 8?
2
Convert 2 (base 5) to base 10.
2
What is 62 (base 7) in base 12?
38
What is 2 (base 4) in base 11?
2
Convert -7 (base 10) to base 16.
-7
What is -5 (base 16) in base 3?
-12
What is -23 (base 11) in base 4?
-121
What is 1 (base 7) in base 15?
1
-100101 (base 2) to base 7
-52
What is 11 (base 5) in base 4?
12
46 (base 8) to base 9
42
0 (base 13) to base 15
0
45 (base 16) to base 12
59
Convert 6 (base 15) to base 6.
10
Convert -373 (base 8) to base 15.
-11b
44 (base 5) to base 16
18
Convert 0 (base 11) to base 6.
0
-50 (base 11) to base 5
-210
5c (base 14) to base 13
64
Convert 300 (base 4) to base 6.
120
-d (base 14) to base 2
-1101
What is 2 (base 16) in base 3?
2
What is 18 (base 10) in base 16?
12
What is 6 (base 8) in base 3?
20
What is 4 (base 8) in base 13?
4
Convert b (base 13) to base 10.
11
Convert -38 (base 9) to base 13.
-29
Convert 4 (base 12) to base 8.
4
What is 335 (base 8) in base 10?
221
-45 (base 6) to base 7
-41
What is -160 (base 14) in base 3?
-101101
-1 (base 3) to base 7
-1
-4 (base 11) to base 4
-10
Convert -3 (base 12) to base 5.
-3
What is 7 (base 15) in base 14?
7
Convert 135 (base 6) to base 10.
59
What is -110 (base 2) in base 12?
-6
-21 (base 16) to base 13
-27
What is 1 (base 6) in base 14?
1
Convert b (base 14) to base 7.
14
What is 7 (base 15) in base 5?
12
What is 7 (base 14) in base 7?
10
Convert 4 (base 14) to base 10.
4
What is 2 (base 7) in base 5?
2
Convert 0 (base 9) to base 3.
0
130 (base 5) to base 3
1111
What is -120 (base 3) in base 12?
-13
21 (base 8) to base 7
23
3 (base 8) to base 11
3
What is -11011000 (base 2) in base 5?
-1331
4 (base 7) to base 12
4
What is 10011011 (base 2) in base 10?
155
2 (base 14) to base 6
2
13 (base 4) to base 2
111
Convert 114 (base 5) to base 6.
54
Convert -3 (base 4) to base 13.
-3
-114 (base 15) to base 12
-184
What is 31 (base 10) in base 16?
1f
Convert 1 (base 2) to base 8.
1
-101 (base 5) to base 16
-1a
Convert -336 (base 8) to base 6.
-1010
144 (base 14) to base 3
100111
What is 63 (base 11) in base 15?
49
11 (base 3) to base 13
4
-2 (base 15) to base 6
-2
10 (base 13) to base 15
d
154 (base 6) to base 16
46
-1 (base 11) to base 9
-1
-b (base 13) to base 12
-b
20 (base 8) to base 5
31
What is -2 (base 15) in base 2?
-10
63 (base 7) to base 15
30
b4 (base 16) to base 14
cc
Convert -2 (base 3) to base 8.
-2
What is 41 (base 6) in base 4?
121
11 (base 2) to base 9
3
Convert -80 (base 16) to base 15.
-88
Convert -3 (base 7) to base 16.
-3
-4 (base 15) to base 6
-4
What is 10 (base 11) in base 16?
b
What is 11020 (base 3) in base 15?
79
-16 (base 8) to base 15
-e
0 (base 13) to base 12
0
-101 (base 3) to base 9
-11
Convert -5 (base 14) to base 7.
-5
-1100 (base 2) to base 12
-10
Convert 7 (base 9) to base 5.
12
Convert 28 (base 13) to base 9.
37
-105 (base 7) to base 10
-54
Convert -3 (base 11) to base 7.
-3
0 (base 14) to base 12
0
Convert 1 (base 11) to base 6.
1
-b (base 13) to base 8
-13
Convert 1 (base 15) to base 5.
1
Convert 2 (base 6) to base 16.
2
-7 (base 12) to base 6
-11
Convert 68 (base 11) to base 15.
4e
What is -21 (base 4) in base 12?
-9
What is 36 (base 14) in base 12?
40
Convert 13 (base 4) to base 8.
7
Convert -1a (base 16) to base 14.
-1c
-b (base 13) to base 4
-23
Convert -10012 (base 3) to base 7.
-152
7 (base 16) to base 8
7
-3 (base 15) to base 12
-3
dc (base 16) to base 7
433
-31 (base 4) to base 5
-23
-7 (base 12) to base 9
-7
Convert -35 (base 8) to base 2.
-11101
What is 303 (base 4) in base 11?
47
What is -2 (base 13) in base 3?
-2
-1101 (base 3) to base 5
-122
111110 (base 2) to base 13
4a
What is -11 (base 8) in base 2?
-1001
What is -60 (base 12) in base 4?
-1020
Convert b4 (base 14) to base 15.
a8
What is -40 (base 7) in base 8?
-34
Convert -2a (base 12) to base 16.
-22
135 (base 9) to base 8
161
4 (base 10) to base 16
4
What is 24 (base 7) in base 2?
10010
What is c6 (base 15) in base 3?
20220
0 (base 9) to base 11
0
Convert -7 (base 8) to base 13.
-7
Convert -2 (base 15) to base 4.
-2
Convert -120 (base 4) to base 11.
-22
Convert -54 (base 10) to base 8.
-66
What is 144 (base 7) in base 8?
121
33 (base 7) to base 11
22
What is 1 (base 16) in base 7?
1
Convert -12222 (base 3) to base 5.
-1121
What is 1001 (base 2) in base 14?
9
-30 (base 8) to base 6
-40
What is -130 (base 4) in base 16?
-1c
Convert 133 (base 4) to base 7.
43
What is -77 (base 8) in base 7?
-120
-26a (base 12) to base 9
-451
Convert -4 (base 16) to base 5.
-4
10203 (base 4) to base 5
2131
What is 30 (base 10) in base 15?
20
Convert 15 (base 9) to base 15.
e
Convert 3 (base 8) to base 13.
3
What is -15 (base 14) in base 13?
-16
21 (base 10) to base 16
15
What is -21 (base 4) in base 8?
-11
What is -2 (base 16) in base 13?
-2
-20 (base 3) to base 4
-12
22100 (base 3) to base 16
e1
1121 (base 5) to base 9
188
Convert 1 (base 3) to base 13.
1
Convert -2 (base 3) to base 15.
-2
Convert -4 (base 14) to base 2.
-100
What is 0 (base 16) in base 13?
0
What is 0 (base 12) in base 4?
0
What is 22122 (base 3) in base 9?
278
18 (base 14) to base 10
22
2 (base 15) to base 11
2
Convert 123 (base 4) to base 14.
1d
What is -4 (base 8) in base 7?
-4
20 (base 3) to base 14
6
Convert 1 (base 16) to base 2.
1
What is -7 (base 14) in base 5?
-12
-2 (base 14) to base 9
-2
-c (base 16) to base 6
-20
What is -65 (base 12) in base 9?
-85
What is -2 (base 13) in base 15?
-2
What is -11 (base 16) in base 4?
-101
-a9 (base 12) to base 11
-108
Convert -2 (base 8) to base 10.
-2
What is -3 (base 5) in base 2?
-11
What is -14 (base 10) in base 5?
-24
What is 3 (base 5) in base 4?
3
34 (base 9) to base 13
25
5 (base 9) to base 10
5
What is -3 (base 4) in base 9?
-3
Convert -1b (base 15) to base 7.
-35
-62 (base 9) to base 14
-40
-110 (base 2) to base 3
-20
-10 (base 9) to base 2
-1001
What is 100001101 (base 2) in base 4?
10031
Convert 102 (base 5) to base 2.
11011
What is 3 (base 9) in base 8?
3
What is -7 (base 11) in base 2?
-111
What is 21 (base 12) in base 14?
1b
What is -30 (base 7) in base 16?
-15
Convert 100 (base 3) to base 10.
9
What is -223 (base 4) in base 7?
-61
Convert -2 (base 8) to base 6.
-2
Convert -160 (base 7) to base 9.
-111
Convert -9 (base 11) to base 9.
-10
What is -11 (base 15) in base 16?
-10
What is 1